7
Suppose 0 = -3*t + 15, -5*v - 90 = -0*t + t. Let l = 5 - v. Suppose 6 + l = 5*m. What are the prime factors of m?
2, 3
Suppose -4*p - 5 + 26 = 5*r, 4*r + 3*p - 17 = 0. Let t = r - -4. List the prime factors of t.
3
Let k(o) = -o + 5. List the prime factors of k(-5).
2, 5
Let h(o) = o**3 + 5*o**2 + 2*o - 5. Let a(b) = b**2 - 9*b - 14. Let t be a(10). What are the prime factors of h(t)?
3
Suppose 0 = j + 4*j - 20. Let s be (j/(-1))/((-1)/1). Suppose s*i + i = 110. What are the prime factors of i?
2, 11
Suppose -3*g + 5 = -1. Suppose g = 2*y - 4. Suppose 0*b + 48 = y*b. What are the prime factors of b?
2
What are the prime factors of 1 + (-18)/22 - (-73270)/187?
2, 7
Let o be 1/2 + 3/6. Let j = 1 - o. Suppose -h + 6 = -j. What are the prime factors of h?
2, 3
List the prime factors of 3 + 1 + 118 + 0 + -1.
11
Let x be 18/3*(-6)/(-9). Suppose -18 = -x*g + 18. List the prime factors of g.
3
Suppose 0 = r - 7 + 1. Suppose v = 3*l - 66, v + 90 = 5*l + r*v. What are the prime factors of l?
3, 7
Suppose 22 = 2*b + 2*u, 9 - 54 = -4*b - 3*u. Suppose b = 5*k - 43. List the prime factors of k.
11
Let l = -2 + 6. Suppose 0 = -j + l + 30. Suppose b + 3*b - 2*r - j = 0, -5*b + 4*r = -44. List the prime factors of b.
2
Let w(d) = -32*d + 2. Suppose 0 = 4*b - 2*b + 2. List the prime factors of w(b).
2, 17
List the prime factors of 2392/32 - (-1)/4.
3, 5
Let b(x) = -x**3 - x**2 + 2*x + 2. Let i be b(-2). Suppose -i*p + 118 = 4*o, -5*o + 142 = 5*p - 3. Suppose o = 4*k - 2*k. List the prime factors of k.
3, 5
Let l(z) = -z + 5. Let b be l(3). Let v = b - -13. List the prime factors of v.
3, 5
Let d = -25 - -41. What are the prime factors of d?
2
Let u(p) = p**2 - 3*p - 7. Let i be u(5). Suppose 11 - i = -g. Let b = g - -17. What are the prime factors of b?
3
Let l = -6 - -24. What are the prime factors of l?
2, 3
Let a be ((-6)/(-4))/(2/4). Suppose 7*k - 3*k = 12. Suppose 47 = 2*h + k*y, -2*y - 6 = -a*h + 2*h. What are the prime factors of h?
2
Let a(u) = -u + 5. Let t be ((-2)/(-6))/(2/(-42)). List the prime factors of a(t).
2, 3
Let n = -12 + 3. Let a be 2*(42/4 - 1). Let q = n + a. List the prime factors of q.
2, 5
Let x(q) = -74*q + 1 + 6*q + 7*q. Let w be x(-1). Suppose 4*m - 16 = 0, 0*t - w = -5*t - 3*m. List the prime factors of t.
2, 5
Let f be (-2 - 0) + (-172)/(-2). Suppose 2*m = 6*m - f. Suppose 4*u - 111 = -5*s - m, 0 = 4*u. What are the prime factors of s?
2, 3
Suppose 1 + 7 = -4*l. List the prime factors of l/7 + (-303)/(-7).
43
Let s be 2*(-1)/6*-21. Let v(r) = -r - 4. Let b be v(s). Let h = b + 23. What are the prime factors of h?
2, 3
Suppose 13 - 1 = 3*d. Suppose d*i - 24 = -3*l, -5*l + 2*i + 6 = -2*l. List the prime factors of l.
2
Let w(m) = 8*m + 4. Let j be w(4). Suppose 4*f + 3*v - 7 = j, 4*f = 3*v + 37. What are the prime factors of f?
2, 5
Suppose -p + 3*l = 4*p - 5, 4*l = 4*p + 4. Suppose -44 = -4*w + 2*m - 2, -p*w = 3*m - 67. What are the prime factors of w?
13
Let g = 41 + -13. Suppose g - 4 = 2*d. What are the prime factors of d?
2, 3
What are the prime factors of (-2)/2 - 8*-4?
31
Suppose 0 = -4*x + q + 2*q - 19, -5*x + 15 = 4*q. List the prime factors of (25 - 8)*(x - -2).
17
Let s(b) be the third derivative of 3*b**2 + 0*b - 1/12*b**4 + 0 - 4/3*b**3. What are the prime factors of s(-8)?
2
Let q(l) = -17*l + 9*l - 6 + 4*l. What are the prime factors of q(-8)?
2, 13
Let q be -61 - (1 - 1/1). Let h be q/(-5) + 2/(-10). Suppose -2*i + h = 2*f, 3*i = -5*f + 8*i. What are the prime factors of f?
3
Let k(r) = -r**2 + 7*r + 8. Let l be k(8). What are the prime factors of -2 + l/1 - -5?
3
Suppose 4 = g + 2. Suppose -z + 3*p + p + 27 = 0, -2*z = -g*p - 30. Suppose q + z = -4*w, 5*q = -w + 5 + 35. List the prime factors of q.
3
Let s be (-469)/(-35) + 4/(-10). Suppose 3*k = -2*k + 4*z + 41, 2*z + s = k. List the prime factors of k.
5
Let p(r) = -5*r - 39. What are the prime factors of p(-12)?
3, 7
Let y(a) = -a**3 + 6*a**2 + 4*a - 6. Let r be y(6). Let t = 1 + r. What are the prime factors of t?
19
Let c = 9 - 24. What are the prime factors of 38/5 + (-6)/c?
2
Let f(x) = -63*x + 1. What are the prime factors of f(-1)?
2
Suppose -10 = -2*c - 3*c. Let r = c - 0. Suppose 0 = r*t - 5*t - 2*h + 28, 2*h - 38 = -4*t. What are the prime factors of t?
2, 5
Suppose -4*o + 26 - 10 = 0, n + 29 = 3*o. Let v = 7 + n. List the prime factors of -1 - (0 + 1 + v).
2
Suppose 3*j = -2*j + 2*c + 40, 0 = 2*j - 4*c - 32. Suppose -4*f - 24 = -j*f. List the prime factors of f.
2, 3
Suppose -5*t - 4*j = -102 - 34, 0 = 5*j - 20. List the prime factors of t.
2, 3
Let g(c) = -c**2 + 10*c + 15. List the prime factors of g(8).
31
List the prime factors of (-308)/21*(-6)/4.
2, 11
Let q be 2/(-4) - (-20)/8. Suppose -s - 5*c = 15, -3*c - q = -s - 9. List the prime factors of (3 + s/3)*-21.
7
Let f = 80 + -76. What are the prime factors of f?
2
Let t(a) = 22*a - 10. List the prime factors of t(6).
2, 61
Let z(q) = q**2 + 7*q + 9. List the prime factors of z(-6).
3
Let z(n) = 10*n + 2. Let v be z(-3). Let x = 39 + v. What are the prime factors of x?
11
List the prime factors of 40/(-100) + 674/10.
67
Let q(h) = h - 1. Let x be q(-3). What are the prime factors of (x/(-5))/((-4)/(-70))?
2, 7
Suppose 3*b - 118 = 146. List the prime factors of b.
2, 11
Let f(b) = -b**3 - 8*b**2 - 13*b - 15. List the prime factors of f(-8).
89
Let v(x) = -2*x - 2. Suppose 0 = -r + 5*o + 14, r + 0*o = o + 2. Let n(h) = 5*h**3 - 2*h**2 - h. Let m be n(r). List the prime factors of v(m).
2, 5
Let v be (-4 - -1)/(1/(-6)). Suppose c - v = -6. Suppose -s + 0*s + c = 0. List the prime factors of s.
2, 3
Let h = -13 + 1. Let p(x) = 2*x**3 - 2*x**2 - 3*x - 4. Let a be p(3). Let b = h + a. List the prime factors of b.
11
Let f(o) = o**3 + 6*o**2 - 5*o + 4. Let s be f(-7). Let z = 4 + s. List the prime factors of 3/z - (-46)/4.
11
Suppose -3*r = -3, 3*r + 322 + 50 = 5*u. List the prime factors of u.
3, 5
Suppose -7*r - 1962 = -16*r. List the prime factors of r.
2, 109
Suppose -n = -5*n + 4*m + 528, 2*n + 3*m - 239 = 0. What are the prime factors of n?
127
What are the prime factors of (-60)/(27/(-6) + 3) - -2?
2, 3, 7
Let s = 214 + -138. What are the prime factors of s?
2, 19
Suppose z = -5*m + 212, -m - z + 58 = -6*z. Let b = -26 + m. What are the prime factors of b?
17
Suppose 3*z + 4 = -j, 0*z + z = 1. Let c(u) be the second derivative of u**4/12 + u**3 - 5*u**2/2 + 3*u. What are the prime factors of c(j)?
2
Suppose p - 4*p = -42. Let b be (-1)/1 + 1*p. Let k = b - 5. List the prime factors of k.
2
Let z(i) = -2*i + 26. What are the prime factors of z(-17)?
2, 3, 5
Suppose -2*o + 11*o = 207. Let f = 10 - 5. Suppose -f*s - 2*y = -61, -s + o = -5*y - 0. List the prime factors of s.
13
Let q = 21 - 2. What are the prime factors of q?
19
Let o(l) = l**2 + 2*l - 3. Let q be o(-5). List the prime factors of q - 2/4*4.
2, 5
Let a = -11 + 22. Suppose 79 + a = 5*b. Suppose -3*v + v + b = 0. What are the prime factors of v?
3
Let u be (21/9)/((-1)/(-3)). What are the prime factors of ((-12)/7)/((-1)/u)?
2, 3
List the prime factors of 474/39 - (-16)/(-104).
2, 3
What are the prime factors of -2*((-4)/(-18) + 556/(-72))?
3, 5
What are the prime factors of (-63)/(-2) - 9/18?
31
Let m(g) = -3*g - 5. Let c be m(-3). Let u = c - 1. List the prime factors of u.
3
Let r = 1 - -4. Let c = r - 1. List the prime factors of c/((-2)/1) + 14.
2, 3
Suppose 2*r = -r + 12. List the prime factors of (10/r)/(3/6).
5
Let n be (-2)/1 - 0 - -1. Let y(s) be the third derivative of -s**4/2 - 2*s**2. List the prime factors of y(n).
2, 3
Let f(u) = 5*u**3 - 19*u**2 - 20*u + 29. Let c(n) = 2*n**3 - 6*n**2 - 7*n + 10. Let k(o) = 8*c(o) - 3*f(o). What are the prime factors of k(-8)?
5
Suppose -3*o + 20 - 2 = 0. Suppose -18 = -s - o. List the prime factors of s.
2, 3
Let k be 128/3 + (-4)/6. Suppose -4*m = -k - 14. Let h = 24 - m. List the prime factors of h.
2, 5
Let s(t) = -t - 2. Let l be s(-2). Suppose c - 11 - 3 = l. List the prime factors of c.
2, 7
Let h = -28 + 117. List the prime factors of h.
89
Let a = 2 + 0. Suppose a*o = 7*o + 5. What are the prime factors of ((-1)/((-3)/(-9)))/o?
3
Let b = -14 + -4. Let h = 57 + b. What are the prime factors of h?
3, 13
Let z = -14 - -6. Let n = -6 - z. Suppose 2*u - n*r - 13 - 5 = 0, -u + 10